 is the units digit of k?
6
What is the hundreds digit of 11/(-22) + (-13)/(-2) - -994?
0
Suppose -9*m + 6*m = -972. What is the tens digit of m?
2
Let k(t) be the first derivative of t**2/2 + 5*t + 1. Let m = -3 - -8. What is the tens digit of k(m)?
1
Let f(b) = -556*b**3 - b**2 + 2*b - 1. What is the units digit of f(-1)?
2
Let l(m) = 16*m**3 - m**2 + 4*m - 1. What is the tens digit of l(4)?
2
Let u(o) be the second derivative of o**6/180 - 29*o**5/120 - 5*o**4/12 - 13*o. Let z(r) be the third derivative of u(r). What is the tens digit of z(13)?
2
Let z(r) = 4*r**2 - r + 4. Let u be z(-5). Let h = -41 - -47. Suppose u = h*f - 131. What is the units digit of f?
0
Let b(l) be the third derivative of -31*l**4/24 + 7*l**3/6 - 5*l**2. What is the tens digit of b(-2)?
6
Suppose -7*m = -2*m - 45. Suppose h - 4*h = -m. Suppose -2*w = 5*g + w - 78, 0 = 4*g - h*w - 57. What is the units digit of g?
5
Suppose -2*g - 3*g = 10, -g + 402 = 4*y. Let a = 236 - y. What is the hundreds digit of a?
1
Let t(p) = p**3 - 15*p**2 + 15*p - 9. Let o be t(14). Suppose 2*h - 3 + 7 = -3*f, o*f - 3*h - 6 = 0. Suppose f + 72 = 3*a. What is the units digit of a?
4
Let c = 21 + -17. Suppose c*h - 4 = 76. What is the units digit of h?
0
Let a be ((0 - 2)*(-1405)/(-10))/1. Let i = -191 - a. What is the tens digit of i?
9
Let l = 4763 + -2839. What is the units digit of l?
4
Let m = 444 - -112. What is the units digit of m*(-2 + 27/12)?
9
Let j = -556 + 1234. What is the units digit of j?
8
Let c(p) = 2*p - 4. Let l be c(3). Suppose l*z - 3*z = 3. Let k(h) = -10*h + 2. What is the units digit of k(z)?
2
Let w(h) = -h**3 - 15*h**2 - 10*h + 16. Let g be w(-8). Let l = g - -621. What is the tens digit of l?
6
Let y(h) = 11*h**2 - 3. Let g be y(-2). Let a = 63 - g. Suppose 3*d - a = 17. What is the tens digit of d?
1
Let f = 1 - -13. Let a = 27 - f. Suppose -a - 39 = -2*j. What is the tens digit of j?
2
Let y(s) = 91*s. Let v be y(-1). Let l = v + 203. What is the tens digit of l?
1
Let c(h) = 27*h**2 + 2*h - 1. Let j be c(2). Let s = j + -64. What is the tens digit of s?
4
What is the hundreds digit of -6 - -15 - 5 - -109?
1
What is the hundreds digit of -40*(-15)/((-90)/(-24))?
1
Let v(q) be the third derivative of -q**6/30 + q**5/60 - q**4/8 - 7*q**2. Let l(t) be the second derivative of v(t). What is the tens digit of l(-2)?
5
Let o = 543 + 551. What is the hundreds digit of o?
0
Let w(p) = 35*p - 417. What is the tens digit of w(32)?
0
Let m(q) = -q - 14. Suppose 11 + 19 = -5*g - j, 4*j - 13 = -g. Let s be m(g). Let l = -3 - s. What is the units digit of l?
4
Let p(t) = 5*t**2 - 22. Let h(g) = -3*g + 17. Let q be h(4). What is the hundreds digit of p(q)?
1
Suppose 3*f = -22*f + 17725. What is the units digit of f?
9
Suppose -2*l - 2*q + 154 = 0, -176 - 107 = -4*l + q. Suppose -r + l = 2*s, -s - 87 = 3*r - 4*r. What is the tens digit of r?
8
Suppose -340 = 6*d - 10*d. What is the units digit of (d/(-68))/((-2)/8)?
5
Suppose 0*l = 3*l - 5*s - 3984, 4*l + s = 5335. What is the hundreds digit of l?
3
Let d(z) be the first derivative of -z**3/3 - 6*z**2 - 9*z + 4. What is the tens digit of d(-6)?
2
Let n(g) = -g**2 - 11*g - 6. Let i be n(-10). What is the tens digit of -2 + 16*8/i?
3
Let m = -1245 - -3031. What is the hundreds digit of m?
7
Let y(a) = -2*a - 7. What is the units digit of y(-10)?
3
Suppose 0 = -3*w + 5*w - 3*p - 213, w - 2*p = 106. Let k = 205 - w. What is the tens digit of k?
9
Suppose -11 = -2*j + 65. What is the units digit of j?
8
Suppose -16*b = -20*b + 2772. What is the tens digit of b?
9
What is the tens digit of ((-2)/(-10))/(60/9300)?
3
Let w(q) = -3756*q**3 - 15*q**2 + q + 15*q + 31 + 3757*q**3. What is the units digit of w(14)?
9
Let s be (-50)/15*-2*(-33)/(-2). Suppose 0 = -4*w + 5*x + 291 + s, 0 = 3*x + 3. What is the tens digit of w?
9
Let l = 65 - 39. Suppose 23*p = l*p - 195. What is the units digit of p?
5
Let u be ((-4 - -5) + 205)*2. Let j = -247 + u. What is the units digit of j?
5
Let o(j) = -52*j - 8. Let n(u) = 17*u + 3. Let d(h) = -10*n(h) - 3*o(h). What is the units digit of d(-3)?
6
Let o(i) = 2*i**2 + 4*i + 2. Let n be o(-2). Let p(y) = 3 + 1 + n*y - 9 + 3. What is the units digit of p(3)?
4
What is the tens digit of ((-23)/2)/(17/(-3230))?
8
Let a be (12 + -12)*2/4. Suppose -5*r + 5*w + 5 + 330 = a, -3*w = 2*r - 149. What is the units digit of r?
0
What is the hundreds digit of -15*-206*4/24?
5
What is the hundreds digit of -4 - ((-2696)/18 - (-14)/(-63))?
1
Suppose 2*h = 3*p, -2*h - p = -h. Suppose 0 = -f - 3*q - 70, h = -2*f + 2*q - 124 - 40. Let u = -43 - f. What is the tens digit of u?
3
Let c(t) = t**3 + 13*t**2 - 16*t - 14. Let w be c(-14). Suppose 10*b = 44 - w. What is the units digit of b?
3
Suppose -24 = 21*z - 18*z. What is the tens digit of (1 + -4 - (148 - z))/(-1)?
5
Let g be 6/10 + 352/80. Suppose -4*b + 2034 = g*b. What is the hundreds digit of b?
2
Let h = 2288 + -1540. Suppose -11*q + h - 308 = 0. What is the units digit of q?
0
Let q(b) = b**2 - 5*b + 8. Let g be q(5). Suppose 2*u + 2*i = -2*i + g, 0 = 4*u - 4*i - 76. What is the units digit of u?
4
Suppose 49*b - 6989 = 7172. What is the tens digit of b?
8
Suppose 1663 = w - 3*f - 47, 2*w - 3405 = 3*f. What is the hundreds digit of w?
6
Let u be -4 + 3/(-3)*-7. Suppose -u*a + 549 = -5*j - 56, -2*a + 386 = j. Suppose x + a = 6*x. What is the tens digit of x?
3
Let t = 519 + -318. What is the tens digit of t?
0
Let n(v) = 14*v**2 - 16*v + 39. What is the units digit of n(7)?
3
Let r = 4 + -1. Suppose w - 2 = r. What is the units digit of (-3 + w)*(-2)/(-4)?
1
Suppose -3*o = 3*i - 64 - 6557, -o + 2199 = -i. What is the thousands digit of o?
2
Let o be (2 + -1)*(-516)/(-4). Let s = o - 63. What is the tens digit of s?
6
Suppose -4*z = 5*b - 125, -z + 55 = z + b. Suppose 4*y - 9*y = -z, -5*a + 1235 = 2*y. What is the tens digit of a?
4
Let j(d) be the first derivative of 3*d**2/2 - 3*d + 9. Let l be j(4). Let n = l + 2. What is the units digit of n?
1
Let y be 10/(-7) - 24/42. Let d be (-5 - -1) + 70/y. Let m = d - -82. What is the units digit of m?
3
Let o be (-1 - (-847)/(-4)) + 6/(-24). What is the units digit of (-1 + o)/(5 + -6)?
4
Let g = 189 + -50. What is the hundreds digit of g?
1
Suppose -3*b = -2*c - 53, -3*c + 0*c - 42 = -2*b. Suppose l = -2*y + 92, l + b = y + 101. Suppose 2*j - 60 = l. What is the tens digit of j?
7
Let v = 493 - 261. Suppose 2*g = -r + 173, 5*g - v - 196 = -4*r. What is the tens digit of g?
8
Suppose 0*s - 2016 = -4*o - 4*s, 2*s - 2020 = -4*o. What is the units digit of o?
6
Let k = 123 - 51. Let o be 2/(-9) - (-1960)/k. What is the tens digit of (o/3 + -2)*2?
1
Let b(s) = -32*s - 42. What is the tens digit of b(-21)?
3
Suppose 6 = 2*z - 0*z, 0 = -5*n - 3*z - 26. Let s = n - -10. Suppose -3*m + s*y + 0*y + 90 = 0, 2*y = 5*m - 141. What is the units digit of m?
7
Suppose 0 = 11*d - 4374 - 9673. What is the units digit of d?
7
Let o be 133/57 + (-2)/(-3). Suppose -3*r = -o*t - 129, 192 = 2*r + 2*r + t. What is the tens digit of r?
4
Suppose -2*s + q + 1017 = 0, 3*s - 1157 - 373 = 3*q. Suppose -5*d - 207 = -t - 38, -s = -3*t + 2*d. What is the units digit of t?
9
Suppose -4 = -t + 3*m + 13, -2*t + 30 = -5*m. Suppose -t*d - 1287 = -14*d. What is the units digit of d?
3
Let p(n) = n**3 + 3*n**2 - 6*n + 6. Let x be p(6). Suppose -3*w + 138 = 3*q - 303, -2*q + x = 4*w. What is the tens digit of q?
4
Let g(x) = x**3 + 8*x**2 - 10*x - 7. Let p be g(-9). Let i be p/(-2) - (-5 + 1). Suppose 3*h - 88 = 2*w, 0 = i*h - 3*w - 64 - 29. What is the tens digit of h?
2
What is the tens digit of 4057 - (-12 + 7 - -4)?
5
Let i(x) = x**2. Let a be i(-2). Suppose 0 = 4*r - 17 - 63. Suppose 5*j = -a*l + r, -6*j - 66 = -5*l - 2*j. What is the tens digit of l?
1
Let v = -370 - -94. Let o = -119 - v. What is the units digit of o?
7
Let u(g) = -g**2 + 14*g + 17. Let l be u(15). Suppose 0*f - l*f = -12. What is the tens digit of 283/15 - f/(-45)?
1
What is the hundreds digit of (-1935)/(-5) + (5 - 2)?
3
Let r = 10 + -12. Let w be (r - 22) + 9/(-3). Let t = -13 - w. What is the tens digit of t?
1
Let f(i) = 78*i + 19. Let v be 288/30 - 7 - 2/(-5). What is the hundreds digit of f(v)?
2
Suppose -181 = 3*a + 2*d, -5 = -a - 4*d - 52. Suppose 4*o - 3 = -2*p - 131, -5*o 